).
-334
Let u(f) = -37*f - 783. What is u(-21)?
-6
Let j(s) = s**3 + 16*s**2 - 8*s + 143. Give j(-17).
-10
Let k(c) = 4*c**3 + 248*c**2 + 8*c + 485. Determine k(-62).
-11
Let k(r) = 174*r - 3377. Calculate k(19).
-71
Let l(d) = 2*d**3 - 11*d**2 + 7*d + 18. What is l(2)?
4
Let f(k) = -4*k**2 + k + 104. Calculate f(12).
-460
Let b(k) = k**3 + 46*k**2 - 89*k - 86. Give b(-48).
-422
Let w(o) = 15*o + 382. Determine w(-24).
22
Let g(t) = -3*t**2 - 4*t + 370. Determine g(-17).
-429
Let f(l) = 183*l - 319. What is f(2)?
47
Let t(v) = 2*v**3 - 99*v**2 - 41*v - 438. What is t(50)?
12
Let b(x) = 33*x - 705. Give b(21).
-12
Let y(x) = -2*x**2 - 15*x - 59. Calculate y(-11).
-136
Let u(y) = -y**3 - 33*y**2 + 73*y + 30. Calculate u(-35).
-75
Let v(a) = -306*a - 162. Calculate v(-2).
450
Let j(k) = -k**2 + 121*k - 2629. What is j(29)?
39
Let z(x) = x**3 - 22*x**2 - 71*x + 1031. What is z(23)?
-73
Let s(g) = 47*g**2 - 610*g + 1410. Determine s(3).
3
Let p(q) = -q**3 + 13*q**2 + 22*q + 11. Give p(15).
-109
Let o(m) = 46*m**2 - 86*m - 68. Give o(3).
88
Let a(w) = 1056*w + 8490. What is a(-8)?
42
Let z(x) = 28*x - 472. Determine z(9).
-220
Let z(f) = -23*f - 37. Determine z(-2).
9
Let f(m) = 268*m + 32974. Determine f(-123).
10
Let m(i) = 7*i + 56. Determine m(-7).
7
Let i(p) = -p**3 + 57*p**2 + 237*p + 439. Calculate i(61).
12
Let w(o) = -o**3 + 88*o - 87. Give w(1).
0
Let w(s) = s**3 - 11*s**2 - 11*s - 19. Determine w(12).
-7
Let q(l) = -l**3 - 10*l**2 - 221*l - 1719. Give q(-8).
-79
Let o(j) = j**2 + 277*j + 2928. What is o(-11)?
2
Let u(h) = 454*h + 1823. What is u(-4)?
7
Let v(h) = -h**3 + 23*h**2 + 8*h + 10. Give v(23).
194
Let b(k) = -7*k**3 + 19*k**2 - 8*k + 3. Determine b(3).
-39
Let f(h) = -h**2 + 83*h - 1375. What is f(61)?
-33
Let r(y) = 2*y**2 - 99*y + 563. Calculate r(6).
41
Let a(c) = -3*c**2 - 83*c - 596. Calculate a(-17).
-52
Let n(q) = 366*q**2 - 18*q - 19. Calculate n(-1).
365
Let z(m) = 34*m**2 + 8*m + 10. Determine z(-2).
130
Let s(c) = -1399*c - 12560. What is s(-9)?
31
Let x(p) = p**3 + 28*p**2 + 116*p + 2. Determine x(-23).
-21
Let w(j) = j**3 + 14*j**2 + 22*j + 129. Calculate w(-10).
309
Let d(b) = -9*b**2 + 109*b - 143. What is d(8)?
153
Let o(l) = -375*l - 1875. Calculate o(-5).
0
Let i(k) = -k**3 - 48*k**2 - 141*k - 269. Give i(-45).
1
Let j(v) = 17*v + 190. Determine j(-10).
20
Let m(v) = -8*v**3 + 40*v**2 - 117*v + 20. What is m(3)?
-187
Let b(t) = -t**3 + 36*t**2 - 178*t - 63. Determine b(30).
-3
Let y(i) = -i**2 - 44*i + 850. What is y(12)?
178
Let k(f) = 2618*f - 2572. Calculate k(1).
46
Let u(y) = -y**3 - 48*y**2 - 45*y - 22. What is u(-47)?
-116
Let f(s) = -150*s + 1888. What is f(13)?
-62
Let m(v) = -v**2 + 8*v + 852. Determine m(-25).
27
Let q(l) = l**2 + 3*l + 53. Calculate q(7).
123
Let s(w) = -35*w + 595. What is s(17)?
0
Let m(l) = l**3 + 15*l**2 + 42*l - 40. Calculate m(-4).
-32
Let j(l) = -l**3 + 29*l**2 + 177*l - 284. What is j(34)?
-46
Let i(l) = l**3 + l**2 - 9*l + 10. Calculate i(4).
54
Let t(j) = -115*j + 119. Calculate t(1).
4
Let d(o) = o**3 - 122*o**2 - 892*o - 1410. Calculate d(129).
9
Let j(c) = -90*c - 1066. Give j(-12).
14
Let x(b) = -2*b**2 + 42*b - 57. Calculate x(20).
-17
Let m(h) = -23*h - 6. Give m(4).
-98
Let g(b) = 4*b**3 + 82*b**2 - 49*b - 154. Determine g(-21).
-7
Let r(m) = 7*m**2 - 630*m + 2421. Calculate r(4).
13
Let d(h) = 8*h - 195. What is d(23)?
-11
Let a(h) = -h**3 - 12*h**2 - 22*h + 39. What is a(-8)?
-41
Let p(j) = -81*j - 396. Give p(-5).
9
Let k(o) = -24*o + 1176. Calculate k(50).
-24
Let m(l) = -l**3 + 38*l**2 - 71*l - 44. Determine m(36).
-8
Let m(u) = u**3 - 24*u**2 + u - 28. What is m(24)?
-4
Let w(z) = -2*z**3 + 6*z**2 + 86*z + 6. What is w(-8)?
726
Let m(a) = 9*a - 194. Determine m(27).
49
Let j(d) = 95*d + 302. Give j(-2).
112
Let l(h) = -h**3 + 4*h**2 + 2*h + 10. Give l(4).
18
Let v(u) = u**2 + 15*u - 1755. Determine v(-50).
-5
Let w(a) = -2*a**2 - 40*a - 20. Give w(-19).
18
Let x(h) = 974*h - 201605. Give x(207).
13
Let h(r) = -r**2 + 369*r - 13747. Determine h(42).
-13
Let n(d) = -d**3 + 18*d**2 - 89*d + 138. Give n(12).
-66
Let v(m) = -m**3 + 14*m**2 + 90*m - 1192. Calculate v(14).
68
Let o(x) = -83*x - 8965. What is o(-108)?
-1
Let f(i) = i**3 + 12*i**2 + 3*i - 60. Calculate f(2).
2
Let z(c) = -2*c**3 - 180*c**2 + 367*c - 89. Calculate z(-92).
3
Let v(t) = 18*t + 459. What is v(-35)?
-171
Let a(l) = -118*l - 6464. Determine a(-54).
-92
Let i(y) = 104*y - 159. Determine i(7).
569
Let m(t) = 1846*t - 16609. Determine m(9).
5
Let y(l) = -2*l**2 - 9*l + 38. What is y(-9)?
-43
Let x(t) = 3*t**2 + 44*t + 7. What is x(-18)?
187
Let a(z) = 3*z**3 + 33*z**2 - 4*z - 50. Determine a(-11).
-6
Let h(g) = g**3 + 21*g**2 + 104*g + 38. Determine h(-10).
98
Let i(s) = -s**3 - 14*s**2 - 24*s - 1. What is i(-2)?
-1
Let x(d) = -3*d**2 - 232*d - 2366. Determine x(-12).
-14
Let n(y) = -121*y + 1128. What is n(7)?
281
Let l(d) = -320*d - 945. What is l(-3)?
15
Let x(c) = -c**3 - 4*c**2 + 53*c - 14. Determine x(0).
-14
Let u(y) = -y**2 + 1087*y - 24466. What is u(23)?
6
Let c(z) = 5*z**2 + 95*z + 493. Determine c(-8).
53
Let n(b) = 25*b**2 + 1141*b + 2278. Determine n(-2).
96
Let u(l) = -5*l**2 - 3*l + 37. Determine u(7).
-229
Let r(q) = -q**2 + 1398*q - 5572. Give r(4).
4
Let y(p) = 42*p**2 - 840*p + 7. Determine y(20).
7
Let y(s) = -3*s**3 + 63*s**2 - 112*s - 73. What is y(19)?
-35
Let w(m) = -m - 80. What is w(-87)?
7
Let g(q) = 4688*q + 93758. Calculate g(-20).
-2
Let s(j) = j**2 - 23*j - 77. Calculate s(-4).
31
Let v(i) = -8662*i + 8676. Determine v(1).
14
Let h(z) = -9*z**2 - 30*z + 134. Calculate h(4).
-130
Let i(l) = -111*l**2 - 1890*l + 2. Determine i(-17).
53
Let w(o) = -91*o - 2109. Calculate w(-23).
-16
Let h(d) = -d**3 - 20*d**2 + 91*d - 27. Give h(-24).
93
Let p(b) = -412*b**3 + 2*b**2 + 34*b - 34. Calculate p(1).
-410
Let k(m) = -m**3 + 106*m + 6. Calculate k(10).
66
Let o(p) = 217*p - 6052. What is o(28)?
24
Let k(y) = -31*y + 341. What is k(12)?
-31
Let z(u) = u**3 + 6*u**2 + 58*u - 395. Determine z(4).
-3
Let y(u) = -322*u**2 - 2571*u + 47. Give y(-8).
7
Let g(y) = 21*y**2 - 34*y + 89. Give g(4).
289
Let o(i) = -24*i**2 - 1226*i - 107. What is o(-51)?
-5
Let y(g) = -191*g + 2318. Calculate y(12).
26
Let r(f) = -f**3 + 26*f**2 - 26*f - 524. What is r(24)?
4
Let t(g) = -19*g - 307. Give t(-17).
16
Let f(w) = 3*w**2 - 14*w - 136. Determine f(11).
73
Let j(u) = -u**3 - 15*u**2 + 33*u + 7. What is j(-14)?
-651
Let i(w) = -200*w - 6. Determine i(0).
-6
Let t(b) = -b**2 - 17*b + 222. Determine t(-26).
-12
Let j(m) = -24*m + 629. Calculate j(25).
29
Let q(f) = 309*f + 3086. What is q(-10)?
-4
Let h(v) = -v**3 - 2*v**2 + 32*v + 40. Determine h(-6).
-8
Let q(o) = o**3 + 5*o**2 - 73*o + 22. Calculate q(-12).
-110
Let j(x) = x**2 - 105*x + 2719. Determine j(51).
-35
Let y(c) = c**2 + 294*c - 1803. Calculate y(6).
-3
Let w(m) = -m**3 + 7*m**2 + 3*m + 44. Give w(7).
65
Let x(w) = -w**2 + 24*w - 135. What is x(9)?
0
Let j(d) = -d**3 - 14*d**2 - 16*d - 23. What is j(-13)?
16
Let i(x) = -36*x + 2584. Determine i(73).
-44
Let k(h) = h**2 + 252*h + 10120. Give k(-50).
20
Let m(w) = 36*w**2 + 430*w - 29. Calculate m(-12).
-5
Let g(n) = -6*n**2 - 69*n - 33. Determine g(-11).
0
Let n(q) = -87*q + 640. Determine n(5).
205
Let s(o) = 100*o**2 - 5*o - 4. Calculate s(-1).
101
Let n(v) = 133*v + 191. What is n(-4)?
-341
Let h(s) = s**2 - 41*s - 1382. Calculate h(-22).
4
Let j(b) = -b**2 - 1434*b - 17031. What is j(-12)?
33
Let f(m) = -71*m + 13. What is f(2)?
-129
Let r(i) = 31*i**2 - 85*i + 39. What is r(3)?
63
Let b(v) = 77*v - 7322. Calculate b(95).
-7
Let w(s) = 23*s**2 + 24*s - 103. Determine w(4).
361
Let s(x) = -184*x**2 - 16378*x - 173. Give s(-89).
5
Let r(f) = 7*f**2 - 13*f - 5. Give r(6).
169
Let l(h) = h**2 + 21*h - 28. What is l(-24)?
44
Let j(m) = 119*m + 394. Determine j(-3).
37
Let l(u) = 21*u - 194. What is l(5)?
-89
Let f(a) = 18*a - 33. What is f(3)?
21
Let x(i) = 2*i**3 - 5*i**2 - 18*i + 24. Determine x(4).
0
Let q(o) = 727*o + 15267. Determine q(-21).
0
Let p(n) = -328*n - 36. Determine p(-1).
292
Let f(q) = -23*q - 627. Calculate f(-25).
-52
Let z(l) = 5*l**3 - 14*l**2 + 19*l - 7. What is z(1)?
3
Let w(v) = 251*v + 848. What is w(-4)?
-156
Let u(q) = -2*q**3 + 65*q**2 - 212*q + 261